
Let l(n) = n**2 - n - 1. Let r be l(-2). Let y(d) be the third derivative of 0 + 2*d - 7*d**2 + 5/24*d**4 - 5/6*d**3 - 1/60*d**5. Calculate y(r).
-5
Let z(l) = 4*l - 48. Suppose -586*t + 606*t - 60 = 0. Give z(t).
-36
Let k(d) = d**2 + 120*d - 366. Let m(j) = 5*j**3 - 16*j**2 + 10*j - 18. Let s be m(3). Determine k(s).
3
Let b(o) = o**3 + 10*o**2 - 12*o - 8. Let k = 295 - 273. Let h be k/6*(11 + (-84)/6). Give b(h).
3
Suppose 2*y + 3*r - 105 = 36, -5*y = 2*r - 380. Let g(c) = -y*c - 6 + 0 + 37*c + 43*c. What is g(4)?
2
Let x(v) = 3*v**2 + 4*v - 4. Suppose 0 = -23*i + 29 + 109. Suppose -3*z - 9 = -3*j - i*z, -5*j = -4*z - 15. What is x(j)?
35
Suppose 2*x + 40 = 10*x. Suppose -x*z + 8 = -z. Let q(w) = -4 + 0 - 4*w + 0*w**z - w**2 - 2*w. Give q(-6).
-4
Let y(f) be the third derivative of -f**5/20 - 2*f**4/3 + 11*f**3/6 + 413*f**2. Calculate y(-9).
-88
Let w(q) = q**3 - q**2 + q. Suppose -6 = -3*s - 3*s. Let t(p) = 6*p**3 - p**2 - 3*p - 6. Let i(k) = s*t(k) - 5*w(k). Calculate i(-5).
9
Let w(b) = -b**2 + b + 14. Suppose -1323 - 32 = 155*v - 115. Calculate w(v).
-58
Let d(y) = -109*y + 330*y + 2 - 91*y - 74*y - 100*y. Determine d(0).
2
Let y(j) = -5*j - 5. Let f be (25 - (-5 + 19)) + -12. Give y(f).
0
Let l(q) = -q + 0 - 5 + 1. Let c(v) = 9*v**2 + 25*v - 59. Let w(r) = 11*r**2 + 25*r - 59. Let o(f) = 6*c(f) - 5*w(f). Let u be o(3). Give l(u).
-11
Let q(x) = 5*x + 1. Let a(r) = 32*r - 24. Let b be a(4). Suppose 0 = -4*u + 5*m + 33, b = 5*u - 4*m + 74. Give q(u).
11
Let k = 135 + -137. Let l be -14 + 13 + 1 + (-10)/k. Let z(m) = m**3 - 4*m**2 - 3*m - 3. Calculate z(l).
7
Let r(m) be the first derivative of 2*m**6/45 + m**5/120 - 14*m**3/3 - 14. Let n(s) be the third derivative of r(s). Let f = -135 - -134. What is n(f)?
15
Let j(a) be the third derivative of -a**5/60 - a**4/24 - a**3/3 + 12*a**2. Let p be 9 - (12 - 0/7). Determine j(p).
-8
Let t be (-9)/((132/(-12))/11). Let m = -3 + 7. Let v(q) = -m*q**2 + 21 - 5 - 8 - t. Determine v(-1).
-5
Let v(a) = 4*a - 11. Suppose -3*k + 4*z - 643 = 0, -2*k - 2*z - 637 = k. Let s = -209 - k. What is v(s)?
5
Let w(t) = -38 - 10*t**2 + 3*t - t**2 + 38. Determine w(-3).
-108
Let s(b) = -b**2 - 2*b - 1. Let u be (360/210)/(2/49). Let p be (2/(-4))/((u/(-12))/(-7)). Determine s(p).
0
Let b(o) be the first derivative of o**2 - 5*o - 1839. Calculate b(13).
21
Let j(t) = -83*t**2 - 745*t + 20. Let u be j(-9). Let k(p) be the second derivative of 0 + 1/2*p**u - 5/3*p**3 + 1/12*p**4 + 33*p. Give k(7).
-20
Let k(n) = -n**3 - 24*n**2 - 21*n + 63. Let f be k(-23). Let l(a) = a**2 - 15*a - 10. Determine l(f).
24
Let z(t) be the first derivative of t**3 - 11*t**2/2 - 8*t - 997. Give z(4).
-4
Suppose -2*l + 4 = 0, -5*t - l - 30 = -6*l. Let y be (-30)/t + 1 + (-21)/14. Let c(n) = 3 - y*n + 8*n - 4. Determine c(-6).
-7
Suppose -342 = 13*u - 264. Let k(r) = -r**3 - 7*r**2 - 7*r + 1 - 4 - 2 + 4. Give k(u).
5
Let r = -34 + 34. Let p(l) = -30 - l**3 + r*l**2 - 3*l**3 + 3*l**3 - l**2. What is p(0)?
-30
Let c = 16 + -16. Let n(s) = -2*s + 48*s**2 + 51*s**2 - 5*s - 98*s**2 + 5*s. Calculate n(c).
0
Let i(k) = -k + 5. Let m be i(-7). Let n(a) = -a**2 - 9 - 12*a + 13*a**2 - 4*a**2 - 7*a**2. Let y be n(m). Let r(b) = -b - 4. What is r(y)?
5
Let t = 3668 - 3656. Let w(f) = f**2 - 11*f - 12. Give w(t).
0
Let b(d) be the first derivative of -d**4/4 + 7*d**3/3 - d**2 - 10*d + 779. Let v be -2 + (-1 - 1 - -11). What is b(v)?
-24
Let k(a) = -a + 1 + 11 - 1. Let d(o) = -o**2 - 16*o - 24. Let w be d(-14). Let p be (-3)/30*w - 14/(-35). Determine k(p).
11
Suppose 0*l + 6*l + 13*l - 57 = 0. Let j = 6 - 3. Let z(x) = -1 + l + x + 4 + j. Determine z(-7).
2
Let h be -2*(2 + 1)/(19/(2584/51)). Let b(l) = l**2 + 14*l - 18. Calculate b(h).
14
Let c(i) = -i + 2. Let j(s) be the third derivative of s**6/15 - 13*s**2. Suppose 27 = 8*d + 19*d. Let o be j(d). Give c(o).
-6
Let b(z) be the third derivative of 7*z**4/6 - 5*z**3/3 + 2307*z**2. What is b(-4)?
-122
Suppose -2*k - 350 = -73*k + 147. Let z(r) = -2*r**2 + 17*r - 18. Give z(k).
3
Let n(s) = s**3 + 5*s**2 - 2*s - 5. Let b be -1*5/(0 + 1). Let k be n(b). Let y(r) = -14*r + 2 + 1 + r**3 - 5*r**2 + 30*r - 15*r + 2. Determine y(k).
10
Let j(q) = 478*q - 31. Let l(h) = 120*h - 9. Let s(r) = 3*j(r) - 11*l(r). Calculate s(1).
120
Let b(i) = -194*i**2 - 110*i**2 - 191*i**2 + 494*i**2 + 44*i + 16*i - 106. Calculate b(58).
10
Suppose w = 0, -z + w = 9 + 53. Let m = z - -62. Suppose 12*c - 13*c = m. Let h(p) = p + 1. Calculate h(c).
1
Let x(g) be the second derivative of g**2 + 2 - 1/2*g**4 + 1/6*g**3 + 6*g. What is x(-1)?
-5
Suppose -3*x = -5*d - 20, 3 = x + 3*d + 1. Let l(p) = -2*p**2 + p + 8. What is l(x)?
-37
Suppose n - d = -0*n + 68, -4*n - 5*d = -236. Let w be n/(-24)*12/8. Let r(t) = -t + 4. Give r(w).
8
Suppose -y - 3 = -6. Suppose -2 = 3*i + 2*s, -3*i = 4*s - 6*s - 14. Let j(h) = h + h**y + 6 + h**i + 0 + 1. What is j(0)?
7
Let p(o) = 57*o + 9. Let m be p(7). Let s be (-1 - -2)/(4/(m/6)). Let v(h) = 20 - s + 3*h - 4*h - 3*h. Determine v(2).
-5
Suppose -9*m - 30 = -75. Suppose m*a + r = -13 + 28, -a - 18 = -4*r. Let x(h) = -1 - 3*h**a - h - h**2 + 1 + 2. Determine x(-2).
-12
Let a(p) be the second derivative of -p**3/2 + 55*p**2/2 + p + 287. Determine a(19).
-2
Suppose -315*q - 3307 - 43 = -200. Let v(z) = z**3 + 6*z**2 - 32*z + 82. Determine v(q).
2
Let w = 213 - 213. Let c(f) = -14*f**3 + w*f**3 + 13*f**3 + 10*f**2 - 9*f. Calculate c(9).
0
Let y(w) = w**2 - 2*w + 8. Let i(v) = 5*v**2 - 2*v + 43. Let m(h) = i(h) - 6*y(h). Calculate m(10).
-5
Let o(u) = 2*u - 2. Let w(g) = 2*g**3 - 31*g**2 - 14*g - 26. Suppose 32 = 30*r - 28*r. Let f be w(r). Calculate o(f).
10
Let r(p) = p**2 - 13*p - 3. Let m be r(13). Let o(q) be the first derivative of 62 - q**3 - 1/2*q**2 - 4*q - 1/4*q**4. Give o(m).
-1
Let r(v) = -4*v**3 - 12*v**2 + 27*v + 12. Let w(p) = -2*p**3 - 6*p**2 + 14*p + 7. Let t(g) = -6*r(g) + 11*w(g). Give t(-4).
5
Let b(r) = 6*r - 7. Let i(c) = -11*c + 13. Let d(m) = 7*b(m) + 4*i(m). Suppose 4*y = a - 12, 15 = -5*y - 33*a + 38*a. Calculate d(y).
9
Let i(v) be the second derivative of 0 - 1/120*v**5 - 16*v + 0*v**2 - 7/24*v**4 + 9/2*v**3. Let l(q) be the second derivative of i(q). Determine l(-6).
-1
Let f(n) be the second derivative of -n**6/720 - 7*n**4 - 2*n + 65. Let q(i) be the third derivative of f(i). Determine q(2).
-2
Let i(c) be the third derivative of -c**7/280 - c**6/90 - c**5/40 - c**4/12 - 119*c**3/6 + c**2 - 5*c. Let r(t) be the first derivative of i(t). Give r(-2).
12
Let o(q) be the second derivative of q**3 + 19*q**2/2 + 1190*q - 1. Give o(-22).
-113
Let n = -114 + 109. Let o be (1/(-6))/(n/30). Let g(z) = -16*z**2 + z. Calculate g(o).
-15
Let z(j) be the second derivative of 5/6*j**3 + 1/4*j**4 - 1/20*j**5 - 125*j - 1/2*j**2 + 0. What is z(4)?
3
Let r(u) = 2*u**2 - 7*u - 2. Let s(b) = -b**2 + b. Let n(a) = r(a) + s(a). Suppose 0 = -39*f + 336 - 63. Calculate n(f).
5
Suppose 5*d - 182 = 6*d + 4*s, -2*s = 2*d + 334. Let t = d - -176. Let j(a) = -a**3 + 13*a**2 + 13*a + 7. Determine j(t).
-7
Suppose -4*v + 12 = -2*d, -5*d = v + 11 - 3. Let j(y) be the first derivative of 5*y**2/2 - 4*y - 24510. Give j(d).
-14
Let k(x) = 4*x**2 + 9*x - 1. Let n = 48 + -52. Let c(d) = -5*d**2 - 10*d - 1. Let a(f) = n*k(f) - 3*c(f). What is a(-6)?
7
Suppose 163 - 199 = -9*a. Let h(o) = 2*o + 1. Let k(t) = t**2 + 7*t + 1. Let z(m) = a*h(m) + k(m). Determine z(-13).
-21
Let a = 76 + -72. Suppose -2*m - m + 4*b = 34, -a*m - 4*b = 8. Let y(h) = h + 13. Give y(m).
7
Let g be 17/2 - (-43)/(-86). Let c(u) = g - 2*u**2 + 0 - 9 + 2*u + u. Calculate c(5).
-36
Let a be (3/12)/1 - (-65)/(-4). Let i(m) be the second derivative of -m**4/12 - 8*m**3/3 + 2*m**2 - 179*m. Give i(a).
4
Let y(i) = -4*i + 16 + 3 - 18 + 3*i - 3*i. Let p be (5/(-4))/(4/16). Calculate y(p).
21
Let d(x) = -2*x**2 + 4*x + 4. Let j be d(-4). Let o = j - -49. Suppose -3*y = -4*i - o, 0*i = 5*y + 3*i + 11. Let c(g) = 6*g**2 + g + 1. Give c(y).
6
Let t(v) = 116 - 398*v + 209*v + 207*v. Calculate t(-6).
8
Let l(u) be the first derivative of u**4/4 + u**3 - 12*u**2 - 33*u - 7433. Calculate l(-6).
3
Let s = 530 - 526. Suppose y = 2*y - s*i + 16, 4*y + 2*i + 28 = 0. Let t(h) = h**3 + 8*h**2 + 3*h. Determine t(y).
-24
Let s(r) = 3*r**2 + 41*r + 17. Let 